ndreds digit of ((35 - 5)*-1)/((-9)/m)?
1
Let i = -97 - -62. Let r be 4/10 - 91/i. Suppose -d = 1, r*t + d + 19 = 6*t. What is the units digit of t?
6
Let t(w) = -w**2 + 3*w + 5. Let s be t(5). Let b(k) = -37 + 16 + 2*k**2 + 16 - k - k**2 + 9. What is the units digit of b(s)?
4
Suppose 4*z + 15 = 3*t - 2, 8 = t + z. Let v = t - -107. What is the units digit of v?
4
Suppose 0 = -c - 3. Let b be 2/c + 49/(-21). Let x(w) = -3*w - 1. What is the units digit of x(b)?
8
Let y be ((-25)/2)/((-2)/8). Let r = 96 + y. What is the tens digit of r?
4
Suppose -u - 5*b - 69 = 0, 4*u - 2*b + 351 = 3*b. Let y = u - -184. What is the hundreds digit of y?
1
Suppose -4*b = 5*o - 9, -5*o + o - 3*b = -7. What is the hundreds digit of 2/(10/5)*(148 - o)?
1
Suppose -14*o + 23*o - 2151 = 0. What is the tens digit of o?
3
Let l(m) = m**3 + 12*m**2 + 12*m + 16. Let g be l(-11). Suppose -g*h - p + 115 = 0, -p = 2*p. What is the tens digit of h?
2
What is the tens digit of 1200/9*18/5?
8
Let w(v) = 114*v**2 + 24*v + 3. What is the hundreds digit of w(5)?
9
Suppose 0 = 3*z + 15, 88*m - 90*m + 4*z = -702. What is the units digit of m?
1
Let x = 32 - -48. Suppose -x = 4*b - 8*b. What is the tens digit of b?
2
Suppose 0 = 3*f + 4*w - 1442, 5*w + 461 = 4*f - 1441. What is the tens digit of f?
7
Let q(c) = -c + 4. Let l(u) = -u**2 - 11*u - 13. Let f be l(-10). Let p = f + -3. What is the tens digit of q(p)?
1
Let h(k) = 3*k + 60. What is the units digit of h(-5)?
5
Let k be (4/12)/(2/(-30)). Let p(s) = -2*s - 1 - 3*s**2 + 5*s**2 - 9 + 0*s. What is the units digit of p(k)?
0
Suppose 4*f + 2*g - 9770 = 0, f - 5*g + 8*g - 2450 = 0. What is the tens digit of f?
4
Suppose y + 25096 = 5*t, -7*t = -10*t + 4*y + 15061. What is the tens digit of t?
1
Suppose -32*n = -31*n - 597. What is the units digit of n?
7
What is the tens digit of 22088/12 + (-1)/(-4 - -1)?
4
Let j(d) = 4*d + 1. Let t be j(-1). Let o(x) = -4 + 3*x**3 + 69*x**2 - 3*x**3 + 2*x**3 - 68*x**2 - 3*x**3. What is the units digit of o(t)?
2
Suppose 2*l = -5*x + 1768, -4*x = 2*l - 1769 + 355. Suppose 20*z + x = 23*z. What is the units digit of z?
8
Let g = -8 - -9. What is the tens digit of g - (-67)/1 - 2?
6
Suppose -5*a + 27 = 3*f, -2*a + 2*f + 18 = 5*f. Suppose d - 31 = -5*i - a*d, -2 = -i - 5*d. Suppose -i*g + 3*g = -112. What is the tens digit of g?
2
Suppose 0*p = h + 2*p - 6, -h + 2 = 3*p. Suppose h*i + 6*i = 4160. What is the tens digit of i?
0
Suppose 3*l + t = -t + 16, 2*l + 3*t - 9 = 0. Let b(k) = -1 - 7*k**2 + 0*k**3 + 3*k + 3*k**3 + 8 - 2*k**3 + 4*k. What is the units digit of b(l)?
3
Let c(o) = -o**3 + 9*o**2 + 11*o + 5. Let f(m) = -4*m - 6. Let x be f(-4). Let a be c(x). What is the units digit of (-7 - -3)*a/(-6)?
0
Let j(d) = 20*d - 1306. What is the hundreds digit of j(72)?
1
Suppose -9*u = -3*u - 2112. Suppose 0 = -4*n - 416 - u. What is the units digit of n/(-14) - (-32)/112?
4
Let l be (0/1)/((-6)/(-9)*3). Suppose -4*g + 268 + 28 = l. What is the units digit of g?
4
Let g be (3 - 1)/(-2)*-1. What is the tens digit of 0 - (84/(-35))/(g/20)?
4
Let q be 18 + ((-8)/(-5) + -1)*-5. Suppose 136 = 2*x + d + q, -3*x + 184 = 4*d. What is the units digit of x?
0
Let h be ((-2)/(-5))/((-1)/(-265)). Suppose 2*a - h = 162. What is the hundreds digit of a?
1
What is the thousands digit of -4 - (-1195 + 5) - -2?
1
Let d(l) = -9*l + 8. Let b be d(8). Let h = 115 + b. What is the tens digit of h?
5
Let q(o) = 6*o**2 + 3*o + 116. What is the units digit of q(-10)?
6
Suppose -5*m = -3*m - 2. What is the tens digit of 17/((-8)/2*m/(-4))?
1
Let n(b) = -b + 32. Let a be n(0). Suppose a = -2*j + 5*r, -2*j + 3*r - 61 = 3*j. Let y = j + 20. What is the units digit of y?
9
What is the tens digit of ((-3 - -19)/2)/(8/564)?
6
Suppose 3*f - 4 = -f + 2*k, 5 = 5*f + 2*k. What is the tens digit of ((-10)/(-25))/(f/(795/6))?
5
Let t be (-2)/(-9) + (-80)/(-45). Suppose -t*j = -4*q + 3*q - 28, -q = 4*j - 56. What is the tens digit of j?
1
Let h(i) = 2*i**2 - 20*i + 25. Let l be h(14). Suppose l = 5*w - 593. What is the hundreds digit of w?
1
Suppose -17*u + 4999 - 1174 = 0. What is the hundreds digit of u?
2
Let b = 1417 + -960. What is the hundreds digit of b?
4
Let a(v) = 122*v + 26. What is the units digit of a(8)?
2
Suppose -65*a = -76*a + 4345. What is the units digit of a?
5
What is the tens digit of 70*(4 - (5 - -2) - -4)?
7
Let x be 3/21 - 508/28. What is the tens digit of 33*((-80)/x + 10/45)?
5
Let d(i) = -i**3 + 5*i**2 - 4*i + 2. Let o be d(3). Suppose -4*v = -h + o, h + 2*v = 4*h + 16. Let g = h + 13. What is the units digit of g?
5
Suppose 28*a - 83266 = -3*a. What is the tens digit of a?
8
Let g(z) = 76*z**2 + 5*z + 4. Let i be g(-1). What is the units digit of -717*(2/(-10))/(45/i)?
9
Let s(r) = r**3 + 15*r**2 + 2*r - 36. What is the hundreds digit of s(-10)?
4
Let n(j) = 2*j**2 - 3. Let y be n(2). Suppose 11*p - y*p - 990 = 0. What is the hundreds digit of p?
1
Suppose -5*u + 1264 - 4009 = 0. What is the units digit of u/(-12) + 12/(-16)?
5
Let k(u) = -u**3 - 12*u**2 - 2*u + 5. Let w be (24/14)/((-2)/14). What is the units digit of k(w)?
9
Suppose 29*w + s - 3506 = 26*w, -5*s - 2343 = -2*w. What is the units digit of w?
9
Let s be (15/(-9))/((-1)/15). Let u = 17 - s. Let i = u - -15. What is the units digit of i?
7
Let t be ((-6)/(-45)*40)/((-2)/12). Let r = 45 + t. What is the tens digit of r?
1
Suppose -5270 = -7*p + 2815. Suppose 0 = k - 5, 2*k - p = -5*m + k. What is the units digit of m?
0
What is the hundreds digit of -28 + 1933 - 3/(-3)?
9
Let l = 70 - 4. What is the tens digit of l?
6
Suppose b - 4*i + 7 = 34, 2*b - i - 33 = 0. Suppose b = l - 9. Suppose -m + 4*m = n + l, -3*n = -m + 16. What is the units digit of m?
7
Let f(i) = 7*i**2 - 38*i + 13. What is the hundreds digit of f(14)?
8
Let y = 11 - 9. Let t(s) = 2*s**2 - 3 + 0 + 2*s + 0 + s**3. What is the tens digit of t(y)?
1
Suppose 0 = -4*o + 8, -4*l + 2*l + 5*o = -1550. Suppose 0 = -7*k + 207 + l. What is the units digit of k?
1
Suppose 20 = 4*n, 0*n + 35 = 2*u + 5*n. What is the tens digit of 238/u + (2 - (-24)/(-15))?
4
Suppose 103697 = 72*b - 105463. What is the thousands digit of b?
2
Let u = 2156 + -356. What is the tens digit of u?
0
Suppose -4*y = 2*b - 3302, 5030 = 2*b + 2*y + 1736. What is the tens digit of b?
4
Suppose -9 = 3*a - 3*r, 0 = -3*a + r - 2 + 1. Let s = 1 + a. Suppose -5*x + 97 = 3*o, -s*x = o + x - 39. What is the units digit of o?
4
Let x be 5 + -3*(-3)/9. Suppose x = -5*p + 21. Suppose p*k + 23 = 2*y, -4*y + 2*k + 31 = -3. What is the units digit of y?
7
Suppose 2*i = 5*w + 66, -5*i = -5*w + 45 - 195. Suppose 0 = 4*x + 16, 2*l - 4*x = 4 + i. What is the units digit of l?
8
Let a(k) = -k + 3. Let h be a(3). Suppose -3*o - 2 + 14 = h. What is the units digit of o?
4
Suppose 53*z = 51*z + 1590. What is the hundreds digit of z?
7
Let v be (25/10 + -4)*(-32)/6. Let l(h) be the third derivative of -h**6/120 + 7*h**5/60 + 5*h**4/12 - 11*h**3/6 - 3*h**2. What is the units digit of l(v)?
5
Suppose 48 = 4*f + 4*j, 4*f - 2*j = -3*j + 42. Suppose i + 12 = 2*i. Let r = f + i. What is the units digit of r?
2
Let q(l) = -5*l**3 + 2*l**2 - 2*l + 1. Let g be q(1). Let f(j) = j**3 + 3*j**2 - 3*j + 3. Let o be f(g). What is the tens digit of (2 - 4 - o)*-47?
4
Suppose 523 = 4*d - 977. What is the hundreds digit of d?
3
Let c be (3 - (-2 - -5)) + 0. Suppose 2*j = -j + 5*t + 84, -j - 2*t + 17 = c. Suppose -2*q = -j - 7. What is the units digit of q?
5
What is the units digit of (-587 - -1)/(9 + 116/(-12))?
9
Let n = 539 + -451. What is the tens digit of n?
8
Let x(s) = -6*s**2 + 2*s + 3. Let m be x(-2). Let k(g) = g**3 + 24*g**2 - 30*g + 2. What is the units digit of k(m)?
7
Suppose -3*m - 1953 = -6612. What is the hundreds digit of m?
5
Suppose -2*k = -2, k = -t + 2*k + 4. Suppose q - 3*i = 2, t = 5*q - 3*i - 17. Suppose -44 = -4*v + 2*m, -q*v = 4*m - 2*m - 73. What is the tens digit of v?
1
Suppose -46*x = -47*x - 2*f + 451, 2*f = 4. What is the units digit of x?
7
Suppose 2*l - 4*l = -3*h, -l = h. Suppose 119 - 483 = -5*k - 4*c, 3*k - 3*c - 240 = h. What is the units digit of k?
6
Suppose -2*g - 611 - 221 = -2*j, 0 = -5*g - 15. What is the tens digit of j?
1
Suppose -4 - 2 = -4*f + 2*m, m + 3 = -f. Suppose -3*j = -3*z + 15, 4*z + f*j = j + 20. Wha